1?
358
Calculate the remainder when 414220 is divided by 66.
4
What is the remainder when 8987 is divided by 1132?
1063
What is the remainder when 2044 is divided by 389?
99
Calculate the remainder when 17254 is divided by 52.
42
What is the remainder when 1023 is divided by 18?
15
What is the remainder when 1429 is divided by 282?
19
What is the remainder when 1085 is divided by 227?
177
Calculate the remainder when 68429 is divided by 47.
44
Calculate the remainder when 22570 is divided by 33.
31
What is the remainder when 26844 is divided by 1274?
90
What is the remainder when 895986 is divided by 111?
105
Calculate the remainder when 45254 is divided by 225.
29
Calculate the remainder when 141457 is divided by 138.
7
Calculate the remainder when 3824670 is divided by 478083.
6
Calculate the remainder when 14968 is divided by 2128.
72
Calculate the remainder when 7805 is divided by 1875.
305
What is the remainder when 2417 is divided by 32?
17
What is the remainder when 110885 is divided by 27715?
25
Calculate the remainder when 11831 is divided by 5660.
511
Calculate the remainder when 319 is divided by 108.
103
What is the remainder when 20923 is divided by 45?
43
Calculate the remainder when 757 is divided by 19.
16
Calculate the remainder when 1966 is divided by 167.
129
Calculate the remainder when 13102 is divided by 374.
12
Calculate the remainder when 5535 is divided by 2681.
173
What is the remainder when 5521 is divided by 16?
1
Calculate the remainder when 144704 is divided by 389.
385
Calculate the remainder when 6739 is divided by 321.
319
What is the remainder when 21693 is divided by 33?
12
What is the remainder when 89015 is divided by 94?
91
Calculate the remainder when 19429 is divided by 474.
469
Calculate the remainder when 34737 is divided by 5714.
453
Calculate the remainder when 223052 is divided by 24.
20
What is the remainder when 78098 is divided by 335?
43
What is the remainder when 113804 is divided by 154?
152
What is the remainder when 2274 is divided by 18?
6
What is the remainder when 2154 is divided by 1060?
34
What is the remainder when 7721 is divided by 91?
77
Calculate the remainder when 496484 is divided by 100.
84
Calculate the remainder when 8192 is divided by 136.
32
What is the remainder when 16833 is divided by 67?
16
Calculate the remainder when 16339 is divided by 5444.
7
What is the remainder when 4968 is divided by 6?
0
Calculate the remainder when 120263 is divided by 15.
8
What is the remainder when 60928 is divided by 9?
7
What is the remainder when 81142 is divided by 56?
54
What is the remainder when 35363 is divided by 16?
3
Calculate the remainder when 52262 is divided by 8.
6
Calculate the remainder when 189801 is divided by 189737.
64
What is the remainder when 117811 is divided by 33?
1
Calculate the remainder when 22258 is divided by 2782.
2
Calculate the remainder when 14427 is divided by 7.
0
Calculate the remainder when 189310 is divided by 601.
596
What is the remainder when 23534 is divided by 7831?
41
What is the remainder when 38866 is divided by 5545?
51
What is the remainder when 142141 is divided by 13?
12
What is the remainder when 31955 is divided by 94?
89
What is the remainder when 1144567 is divided by 197?
194
Calculate the remainder when 3494 is divided by 6.
2
What is the remainder when 8055 is divided by 4019?
17
What is the remainder when 1061 is divided by 103?
31
What is the remainder when 175160 is divided by 7?
6
Calculate the remainder when 75567 is divided by 92.
35
What is the remainder when 8038 is divided by 4019?
0
What is the remainder when 19988 is divided by 9992?
4
What is the remainder when 48786 is divided by 2?
0
Calculate the remainder when 36841 is divided by 1021.
85
What is the remainder when 53934 is divided by 473?
12
Calculate the remainder when 96523 is divided by 135.
133
Calculate the remainder when 29633 is divided by 9857.
62
Calculate the remainder when 477092 is divided by 8.
4
What is the remainder when 6552837 is divided by 15?
12
What is the remainder when 523234 is divided by 322?
306
What is the remainder when 97286 is divided by 95?
6
Calculate the remainder when 30481 is divided by 30479.
2
Calculate the remainder when 4287 is divided by 809.
242
What is the remainder when 5920 is divided by 160?
0
Calculate the remainder when 49319 is divided by 203.
193
What is the remainder when 16359 is divided by 160?
39
What is the remainder when 8397 is divided by 213?
90
What is the remainder when 122231 is divided by 759?
32
What is the remainder when 1720 is divided by 282?
28
What is the remainder when 270 is divided by 28?
18
Calculate the remainder when 3852 is divided by 41.
39
What is the remainder when 2999 is divided by 137?
122
What is the remainder when 902519 is divided by 92?
91
Calculate the remainder when 1147 is divided by 446.
255
What is the remainder when 752891 is divided by 47?
45
What is the remainder when 17443 is divided by 31?
21
Calculate the remainder when 18637 is divided by 2048.
205
Calculate the remainder when 299694 is divided by 5.
4
Calculate the remainder when 474 is divided by 198.
78
What is the remainder when 729 is divided by 138?
39
What is the remainder when 165941 is divided by 892?
29
What is the remainder when 11656 is divided by 2324?
36
Calculate the remainder when 2737 is divided by 45.
37
What is the remainder when 91729 is divided by 242?
11
What is the remainder when 4741 is divided by 228?
181
What is the remainder when 1319 is divided by 150?
119
What is the remainder when 2843 is divided by 940?
23
What is the remainder when 201023 is divided by 192?
191
What is the remainder when 36932 is divided by 1771?
1512
Calculate the remainder when 76576 is divided by 35.
31
What is the remainder when 1296 is divided by 848?
448
What is the remainder when 18585 is divided by 928?
25
Calculate the remainder when 68764 is divided by 28.
24
What is the remainder when 565 is divided by 475?
90
What is the remainder when 11754 is divided by 522?
270
What is the remainder when 1784 is divided by 353?
19
Calculate the remainder when 179240 is divided by 207.
185
Calculate the remainder when 396 is divided by 27.
18
Calculate the remainder when 180739 is divided by 17.
12
What is the remainder when 471265 is divided by 7?
4
What is the remainder when 20284 is divided by 6734?
82
What is the remainder when 257749 is divided by 15161?
12
What is the remainder when 452 is divided by 37?
8
Calculate the remainder when 3548 is divided by 276.
236
What is the remainder when 9892 is divided by 1319?
659
Calculate the remainder when 57244 is divided by 229.
223
What is the remainder when 2467 is divided by 223?
14
Calculate the remainder when 475743 is divided by 158.
5
What is the remainder when 1848 is divided by 37?
35
What is the remainder when 113892 is divided by 339?
327
Calculate the remainder when 1574 is divided by 74.
20
Calculate the remainder when 1950 is divided by 220.
190
What is the remainder when 6597 is divided by 757?
541
Calculate the remainder when 189330 is divided by 331.
329
What is the remainder when 79365 is divided by 163?
147
Calculate the remainder when 17642 is divided by 13.
1
Calculate the remainder when 2630 is divided by 853.
71
What is the remainder when 10211 is divided by 445?
421
Calculate the remainder when 133946 is divided by 675.
296
What is the remainder when 557640 is divided by 728?
720
Calculate the remainder when 416194 is divided by 208095.
4
What is the remainder when 123437 is divided by 24652?
177
Calculate the remainder when 692 is divided by 142.
124
Calculate the remainder when 2320833 is divided by 27.
21
Calculate the remainder when 150721 is divided by 143.
142
Calculate the remainder when 8193 is divided by 55.
53
Calculate the remainder when 1225 is divided by 194.
61
What is the remainder when 14528 is divided by 14526?
2
What is the remainder when 128869 is divided by 48?
37
Calculate the remainder when 633997 is divided by 58.
57
Calculate the remainder when 20990 is divided by 86.
6
What is the remainder when 1075 is divided by 103?
45
What is the remainder when 14846 is divided by 116?
114
Calculate the remainder when 21053 is divided by 6